{"id":2,"date":"2026-02-04T10:20:45","date_gmt":"2026-02-04T15:20:45","guid":{"rendered":"https:\/\/ventas.acoplesymanguerasdelp.com\/?page_id=2"},"modified":"2026-02-05T13:08:47","modified_gmt":"2026-02-05T18:08:47","slug":"pagina-ejemplo","status":"publish","type":"page","link":"https:\/\/ventas.acoplesymanguerasdelp.com\/","title":{"rendered":"INICIO"},"content":{"rendered":"\t\t<div data-elementor-type=\"wp-page\" data-elementor-id=\"2\" class=\"elementor elementor-2\">\n\t\t\t\t<div class=\"elementor-element elementor-element-8659d93 e-flex e-con-boxed e-con e-parent\" data-id=\"8659d93\" data-element_type=\"container\" data-e-type=\"container\">\n\t\t\t\t\t<div class=\"e-con-inner\">\n\t\t<div class=\"elementor-element elementor-element-0de7506 e-con-full e-flex e-con e-child\" data-id=\"0de7506\" data-element_type=\"container\" data-e-type=\"container\">\n\t\t\t\t<div class=\"elementor-element elementor-element-cca4dc9 elementor-widget elementor-widget-image\" data-id=\"cca4dc9\" data-element_type=\"widget\" data-e-type=\"widget\" data-widget_type=\"image.default\">\n\t\t\t\t\t\t\t\t\t\t\t\t\t\t\t<img fetchpriority=\"high\" decoding=\"async\" width=\"578\" height=\"578\" src=\"https:\/\/ventas.acoplesymanguerasdelp.com\/wp-content\/uploads\/2026\/02\/acoples-y-maguerasa-delp.png\" class=\"attachment-large size-large wp-image-128\" alt=\"\" srcset=\"https:\/\/ventas.acoplesymanguerasdelp.com\/wp-content\/uploads\/2026\/02\/acoples-y-maguerasa-delp.png 578w, https:\/\/ventas.acoplesymanguerasdelp.com\/wp-content\/uploads\/2026\/02\/acoples-y-maguerasa-delp-300x300.png 300w, https:\/\/ventas.acoplesymanguerasdelp.com\/wp-content\/uploads\/2026\/02\/acoples-y-maguerasa-delp-150x150.png 150w\" sizes=\"(max-width: 578px) 100vw, 578px\" \/>\t\t\t\t\t\t\t\t\t\t\t\t\t\t\t<\/div>\n\t\t\t\t<\/div>\n\t\t<div class=\"elementor-element elementor-element-3878495 e-con-full e-flex e-con e-child\" data-id=\"3878495\" data-element_type=\"container\" data-e-type=\"container\">\n\t\t<div class=\"elementor-element elementor-element-8c664c1 e-con-full e-flex e-con e-child\" data-id=\"8c664c1\" data-element_type=\"container\" data-e-type=\"container\">\n\t\t\t\t<div class=\"elementor-element elementor-element-4135b06 elementor-widget elementor-widget-heading\" data-id=\"4135b06\" data-element_type=\"widget\" data-e-type=\"widget\" data-widget_type=\"heading.default\">\n\t\t\t\t\t<h2 class=\"elementor-heading-title elementor-size-default\">SERVICIO AL CLIENTE<\/h2>\t\t\t\t<\/div>\n\t\t<div class=\"elementor-element elementor-element-81b5e6d e-con-full e-flex e-con e-child\" data-id=\"81b5e6d\" data-element_type=\"container\" data-e-type=\"container\">\n\t\t\t\t<div class=\"elementor-element elementor-element-826df16 elementor-widget elementor-widget-image\" data-id=\"826df16\" data-element_type=\"widget\" data-e-type=\"widget\" data-widget_type=\"image.default\">\n\t\t\t\t\t\t\t\t\t\t\t\t\t\t\t\t<a href=\"https:\/\/api.whatsapp.com\/send?phone=573228711960&#038;text=Bienvenidos,%20%C2%BF%20En%20qu%C3%A9%20podemos%20ayudarte..?\">\n\t\t\t\t\t\t\t<img decoding=\"async\" width=\"800\" height=\"120\" src=\"https:\/\/ventas.acoplesymanguerasdelp.com\/wp-content\/uploads\/2026\/02\/tel-corregiddo.png\" class=\"attachment-large size-large wp-image-95\" alt=\"\" srcset=\"https:\/\/ventas.acoplesymanguerasdelp.com\/wp-content\/uploads\/2026\/02\/tel-corregiddo.png 800w, https:\/\/ventas.acoplesymanguerasdelp.com\/wp-content\/uploads\/2026\/02\/tel-corregiddo-300x45.png 300w, https:\/\/ventas.acoplesymanguerasdelp.com\/wp-content\/uploads\/2026\/02\/tel-corregiddo-768x115.png 768w\" sizes=\"(max-width: 800px) 100vw, 800px\" \/>\t\t\t\t\t\t\t\t<\/a>\n\t\t\t\t\t\t\t\t\t\t\t\t\t\t\t<\/div>\n\t\t<div class=\"elementor-element elementor-element-2baa938 e-grid e-con-full e-con e-child\" data-id=\"2baa938\" data-element_type=\"container\" data-e-type=\"container\">\n\t\t\t\t<div class=\"elementor-element elementor-element-d4c84a7 elementor-widget elementor-widget-image\" data-id=\"d4c84a7\" data-element_type=\"widget\" data-e-type=\"widget\" data-widget_type=\"image.default\">\n\t\t\t\t\t\t\t\t\t\t\t\t\t\t\t\t<a href=\"https:\/\/api.whatsapp.com\/send?phone=573228711960&#038;text=Bienvenidos,%20%C2%BF%20En%20qu%C3%A9%20podemos%20ayudarte..?\">\n\t\t\t\t\t\t\t<img decoding=\"async\" width=\"512\" height=\"512\" src=\"https:\/\/ventas.acoplesymanguerasdelp.com\/wp-content\/uploads\/2026\/02\/what.png\" class=\"attachment-large size-large wp-image-42\" alt=\"\" srcset=\"https:\/\/ventas.acoplesymanguerasdelp.com\/wp-content\/uploads\/2026\/02\/what.png 512w, https:\/\/ventas.acoplesymanguerasdelp.com\/wp-content\/uploads\/2026\/02\/what-300x300.png 300w, https:\/\/ventas.acoplesymanguerasdelp.com\/wp-content\/uploads\/2026\/02\/what-150x150.png 150w\" sizes=\"(max-width: 512px) 100vw, 512px\" \/>\t\t\t\t\t\t\t\t<\/a>\n\t\t\t\t\t\t\t\t\t\t\t\t\t\t\t<\/div>\n\t\t\t\t<div class=\"elementor-element elementor-element-8ddc2c5 elementor-widget elementor-widget-image\" data-id=\"8ddc2c5\" data-element_type=\"widget\" data-e-type=\"widget\" data-widget_type=\"image.default\">\n\t\t\t\t\t\t\t\t\t\t\t\t\t\t\t<img loading=\"lazy\" decoding=\"async\" width=\"512\" height=\"512\" src=\"https:\/\/ventas.acoplesymanguerasdelp.com\/wp-content\/uploads\/2026\/02\/MAIL-2.png\" class=\"attachment-large size-large wp-image-45\" alt=\"\" srcset=\"https:\/\/ventas.acoplesymanguerasdelp.com\/wp-content\/uploads\/2026\/02\/MAIL-2.png 512w, https:\/\/ventas.acoplesymanguerasdelp.com\/wp-content\/uploads\/2026\/02\/MAIL-2-300x300.png 300w, https:\/\/ventas.acoplesymanguerasdelp.com\/wp-content\/uploads\/2026\/02\/MAIL-2-150x150.png 150w\" sizes=\"(max-width: 512px) 100vw, 512px\" \/>\t\t\t\t\t\t\t\t\t\t\t\t\t\t\t<\/div>\n\t\t\t\t<div class=\"elementor-element elementor-element-296af09 elementor-widget elementor-widget-image\" data-id=\"296af09\" data-element_type=\"widget\" data-e-type=\"widget\" data-widget_type=\"image.default\">\n\t\t\t\t\t\t\t\t\t\t\t\t\t\t\t\t<a href=\"https:\/\/acoplesymanguerasdelp.com\/\">\n\t\t\t\t\t\t\t<img loading=\"lazy\" decoding=\"async\" width=\"512\" height=\"512\" src=\"https:\/\/ventas.acoplesymanguerasdelp.com\/wp-content\/uploads\/2026\/02\/WEB-2.png\" class=\"attachment-large size-large wp-image-44\" alt=\"\" srcset=\"https:\/\/ventas.acoplesymanguerasdelp.com\/wp-content\/uploads\/2026\/02\/WEB-2.png 512w, https:\/\/ventas.acoplesymanguerasdelp.com\/wp-content\/uploads\/2026\/02\/WEB-2-300x300.png 300w, https:\/\/ventas.acoplesymanguerasdelp.com\/wp-content\/uploads\/2026\/02\/WEB-2-150x150.png 150w\" sizes=\"(max-width: 512px) 100vw, 512px\" \/>\t\t\t\t\t\t\t\t<\/a>\n\t\t\t\t\t\t\t\t\t\t\t\t\t\t\t<\/div>\n\t\t\t\t<div class=\"elementor-element elementor-element-2d55671 elementor-widget elementor-widget-image\" data-id=\"2d55671\" data-element_type=\"widget\" data-e-type=\"widget\" data-widget_type=\"image.default\">\n\t\t\t\t\t\t\t\t\t\t\t\t\t\t\t\t<a href=\"https:\/\/api.whatsapp.com\/send?text=https:\/\/ventas.acoplesymanguerasdelp.com\/\">\n\t\t\t\t\t\t\t<img loading=\"lazy\" decoding=\"async\" width=\"512\" height=\"512\" src=\"https:\/\/ventas.acoplesymanguerasdelp.com\/wp-content\/uploads\/2026\/02\/compartir-56.png\" class=\"attachment-large size-large wp-image-43\" alt=\"\" srcset=\"https:\/\/ventas.acoplesymanguerasdelp.com\/wp-content\/uploads\/2026\/02\/compartir-56.png 512w, https:\/\/ventas.acoplesymanguerasdelp.com\/wp-content\/uploads\/2026\/02\/compartir-56-300x300.png 300w, https:\/\/ventas.acoplesymanguerasdelp.com\/wp-content\/uploads\/2026\/02\/compartir-56-150x150.png 150w\" sizes=\"(max-width: 512px) 100vw, 512px\" \/>\t\t\t\t\t\t\t\t<\/a>\n\t\t\t\t\t\t\t\t\t\t\t\t\t\t\t<\/div>\n\t\t\t\t<\/div>\n\t\t\t\t<\/div>\n\t\t\t\t<div class=\"elementor-element elementor-element-0095e6e elementor-widget elementor-widget-image\" data-id=\"0095e6e\" data-element_type=\"widget\" data-e-type=\"widget\" data-widget_type=\"image.default\">\n\t\t\t\t\t\t\t\t\t\t\t\t\t\t\t<img loading=\"lazy\" decoding=\"async\" width=\"298\" height=\"300\" src=\"https:\/\/ventas.acoplesymanguerasdelp.com\/wp-content\/uploads\/2026\/02\/QR-SHOPY-298x300.png\" class=\"attachment-medium size-medium wp-image-55\" alt=\"\" srcset=\"https:\/\/ventas.acoplesymanguerasdelp.com\/wp-content\/uploads\/2026\/02\/QR-SHOPY-298x300.png 298w, https:\/\/ventas.acoplesymanguerasdelp.com\/wp-content\/uploads\/2026\/02\/QR-SHOPY-150x150.png 150w, https:\/\/ventas.acoplesymanguerasdelp.com\/wp-content\/uploads\/2026\/02\/QR-SHOPY.png 549w\" sizes=\"(max-width: 298px) 100vw, 298px\" \/>\t\t\t\t\t\t\t\t\t\t\t\t\t\t\t<\/div>\n\t\t\t\t<\/div>\n\t\t\t\t<\/div>\n\t\t\t\t\t<\/div>\n\t\t\t\t<\/div>\n\t\t<div class=\"elementor-element elementor-element-ecde896 e-flex e-con-boxed e-con e-parent\" data-id=\"ecde896\" data-element_type=\"container\" data-e-type=\"container\">\n\t\t\t\t\t<div class=\"e-con-inner\">\n\t\t<div class=\"elementor-element elementor-element-7704a90 e-con-full e-grid e-con e-child\" data-id=\"7704a90\" data-element_type=\"container\" data-e-type=\"container\">\n\t\t\t\t<div class=\"elementor-element elementor-element-4d1294d elementor-widget elementor-widget-image\" data-id=\"4d1294d\" data-element_type=\"widget\" data-e-type=\"widget\" data-widget_type=\"image.default\">\n\t\t\t\t\t\t\t\t\t\t\t\t\t\t\t\t<a href=\"https:\/\/acoplesymanguerasdelp.com\/index.php\/categoria-producto\/mangueras-hidrahulicas\/\">\n\t\t\t\t\t\t\t<img loading=\"lazy\" decoding=\"async\" width=\"1024\" height=\"948\" src=\"https:\/\/ventas.acoplesymanguerasdelp.com\/wp-content\/uploads\/2026\/02\/MANGUERAS-HIDRAULICAAS-1024x948-1.jpg\" class=\"attachment-large size-large wp-image-70\" alt=\"\" srcset=\"https:\/\/ventas.acoplesymanguerasdelp.com\/wp-content\/uploads\/2026\/02\/MANGUERAS-HIDRAULICAAS-1024x948-1.jpg 1024w, https:\/\/ventas.acoplesymanguerasdelp.com\/wp-content\/uploads\/2026\/02\/MANGUERAS-HIDRAULICAAS-1024x948-1-300x278.jpg 300w, https:\/\/ventas.acoplesymanguerasdelp.com\/wp-content\/uploads\/2026\/02\/MANGUERAS-HIDRAULICAAS-1024x948-1-768x711.jpg 768w\" sizes=\"(max-width: 1024px) 100vw, 1024px\" \/>\t\t\t\t\t\t\t\t<\/a>\n\t\t\t\t\t\t\t\t\t\t\t\t\t\t\t<\/div>\n\t\t\t\t<div class=\"elementor-element elementor-element-5cf0b08 elementor-widget elementor-widget-image\" data-id=\"5cf0b08\" data-element_type=\"widget\" data-e-type=\"widget\" data-widget_type=\"image.default\">\n\t\t\t\t\t\t\t\t\t\t\t\t<figure class=\"wp-caption\">\n\t\t\t\t\t\t\t\t\t\t\t<a href=\"https:\/\/acoplesymanguerasdelp.com\/index.php\/categoria-producto\/mangueras-industriales\/\">\n\t\t\t\t\t\t\t<img loading=\"lazy\" decoding=\"async\" width=\"1024\" height=\"948\" src=\"https:\/\/ventas.acoplesymanguerasdelp.com\/wp-content\/uploads\/2026\/02\/MANGUERAASA-INDDUSTRALES-1024x948-1.jpg\" class=\"attachment-large size-large wp-image-69\" alt=\"\" srcset=\"https:\/\/ventas.acoplesymanguerasdelp.com\/wp-content\/uploads\/2026\/02\/MANGUERAASA-INDDUSTRALES-1024x948-1.jpg 1024w, https:\/\/ventas.acoplesymanguerasdelp.com\/wp-content\/uploads\/2026\/02\/MANGUERAASA-INDDUSTRALES-1024x948-1-300x278.jpg 300w, https:\/\/ventas.acoplesymanguerasdelp.com\/wp-content\/uploads\/2026\/02\/MANGUERAASA-INDDUSTRALES-1024x948-1-768x711.jpg 768w\" sizes=\"(max-width: 1024px) 100vw, 1024px\" \/>\t\t\t\t\t\t\t\t<\/a>\n\t\t\t\t\t\t\t\t\t\t\t<figcaption class=\"widget-image-caption wp-caption-text\"><\/figcaption>\n\t\t\t\t\t\t\t\t\t\t<\/figure>\n\t\t\t\t\t\t\t\t\t<\/div>\n\t\t\t\t<div class=\"elementor-element elementor-element-764668b elementor-widget elementor-widget-image\" data-id=\"764668b\" data-element_type=\"widget\" data-e-type=\"widget\" data-widget_type=\"image.default\">\n\t\t\t\t\t\t\t\t\t\t\t\t\t\t\t\t<a href=\"https:\/\/acoplesymanguerasdelp.com\/index.php\/categoria-producto\/abrazaaderas\/\">\n\t\t\t\t\t\t\t<img loading=\"lazy\" decoding=\"async\" width=\"1024\" height=\"948\" src=\"https:\/\/ventas.acoplesymanguerasdelp.com\/wp-content\/uploads\/2026\/02\/ABRAZADERAS-INGUSTRIALES-1-1024x948-1.jpg\" class=\"attachment-large size-large wp-image-73\" alt=\"\" srcset=\"https:\/\/ventas.acoplesymanguerasdelp.com\/wp-content\/uploads\/2026\/02\/ABRAZADERAS-INGUSTRIALES-1-1024x948-1.jpg 1024w, https:\/\/ventas.acoplesymanguerasdelp.com\/wp-content\/uploads\/2026\/02\/ABRAZADERAS-INGUSTRIALES-1-1024x948-1-300x278.jpg 300w, https:\/\/ventas.acoplesymanguerasdelp.com\/wp-content\/uploads\/2026\/02\/ABRAZADERAS-INGUSTRIALES-1-1024x948-1-768x711.jpg 768w\" sizes=\"(max-width: 1024px) 100vw, 1024px\" \/>\t\t\t\t\t\t\t\t<\/a>\n\t\t\t\t\t\t\t\t\t\t\t\t\t\t\t<\/div>\n\t\t\t\t<div class=\"elementor-element elementor-element-8b4915c elementor-widget elementor-widget-image\" data-id=\"8b4915c\" data-element_type=\"widget\" data-e-type=\"widget\" data-widget_type=\"image.default\">\n\t\t\t\t\t\t\t\t\t\t\t\t\t\t\t\t<a href=\"https:\/\/acoplesymanguerasdelp.com\/index.php\/categoria-producto\/acoples-industriales\/\">\n\t\t\t\t\t\t\t<img loading=\"lazy\" decoding=\"async\" width=\"1024\" height=\"948\" src=\"https:\/\/ventas.acoplesymanguerasdelp.com\/wp-content\/uploads\/2026\/02\/ACOPLES-INDDUSTRIALES-1024x948-1.jpg\" class=\"attachment-large size-large wp-image-72\" alt=\"\" srcset=\"https:\/\/ventas.acoplesymanguerasdelp.com\/wp-content\/uploads\/2026\/02\/ACOPLES-INDDUSTRIALES-1024x948-1.jpg 1024w, https:\/\/ventas.acoplesymanguerasdelp.com\/wp-content\/uploads\/2026\/02\/ACOPLES-INDDUSTRIALES-1024x948-1-300x278.jpg 300w, https:\/\/ventas.acoplesymanguerasdelp.com\/wp-content\/uploads\/2026\/02\/ACOPLES-INDDUSTRIALES-1024x948-1-768x711.jpg 768w\" sizes=\"(max-width: 1024px) 100vw, 1024px\" \/>\t\t\t\t\t\t\t\t<\/a>\n\t\t\t\t\t\t\t\t\t\t\t\t\t\t\t<\/div>\n\t\t\t\t<div class=\"elementor-element elementor-element-5bd27f2 elementor-widget elementor-widget-image\" data-id=\"5bd27f2\" data-element_type=\"widget\" data-e-type=\"widget\" data-widget_type=\"image.default\">\n\t\t\t\t\t\t\t\t\t\t\t\t\t\t\t\t<a href=\"https:\/\/acoplesymanguerasdelp.com\/index.php\/categoria-producto\/correas-industriales\/\">\n\t\t\t\t\t\t\t<img loading=\"lazy\" decoding=\"async\" width=\"1024\" height=\"948\" src=\"https:\/\/ventas.acoplesymanguerasdelp.com\/wp-content\/uploads\/2026\/02\/CORREAAAS-INDDUSTRIAALES-1024x948-1.jpg\" class=\"attachment-large size-large wp-image-71\" alt=\"\" srcset=\"https:\/\/ventas.acoplesymanguerasdelp.com\/wp-content\/uploads\/2026\/02\/CORREAAAS-INDDUSTRIAALES-1024x948-1.jpg 1024w, https:\/\/ventas.acoplesymanguerasdelp.com\/wp-content\/uploads\/2026\/02\/CORREAAAS-INDDUSTRIAALES-1024x948-1-300x278.jpg 300w, https:\/\/ventas.acoplesymanguerasdelp.com\/wp-content\/uploads\/2026\/02\/CORREAAAS-INDDUSTRIAALES-1024x948-1-768x711.jpg 768w\" sizes=\"(max-width: 1024px) 100vw, 1024px\" \/>\t\t\t\t\t\t\t\t<\/a>\n\t\t\t\t\t\t\t\t\t\t\t\t\t\t\t<\/div>\n\t\t\t\t<\/div>\n\t\t\t\t\t<\/div>\n\t\t\t\t<\/div>\n\t\t<div class=\"elementor-element elementor-element-5eb4551 e-flex e-con-boxed e-con e-parent\" data-id=\"5eb4551\" data-element_type=\"container\" data-e-type=\"container\">\n\t\t\t\t\t<div class=\"e-con-inner\">\n\t\t\t\t<div class=\"elementor-element elementor-element-f8b5c28 elementor-widget elementor-widget-html\" data-id=\"f8b5c28\" data-element_type=\"widget\" data-e-type=\"widget\" data-widget_type=\"html.default\">\n\t\t\t\t\t<!DOCTYPE html>\r\n<html lang=\"es\">\r\n<head>\r\n    <meta charset=\"UTF-8\">\r\n    <meta name=\"viewport\" content=\"width=device-width, initial-scale=1.0\">\r\n   \r\n    <style>\r\n        body {\r\n            font-family: Arial, sans-serif;\r\n            display: flex;\r\n            justify-content: center;\r\n            align-items: center;\r\n            min-height: 100vh;\r\n            background-color: #f4f4f4;\r\n            margin: 0;\r\n        }\r\n        .whatsapp-container {\r\n            background-color: #fff;\r\n            padding: 30px;\r\n            border-radius: 8px;\r\n            box-shadow: 0 2px 10px rgba(0, 0, 0, 0.1);\r\n            text-align: center;\r\n        }\r\n        .whatsapp-container h2 {\r\n            color: #333;\r\n            margin-bottom: 20px;\r\n        }\r\n        .input-group {\r\n            margin-bottom: 20px;\r\n            display: flex;\r\n            align-items: center;\r\n            justify-content: center;\r\n            gap: 10px; \/* Espacio entre el input y el bot\u00f3n *\/\r\n        }\r\n        .input-group label {\r\n            display: block;\r\n            margin-bottom: 5px;\r\n            color: #555;\r\n            font-weight: bold;\r\n        }\r\n        .input-group input[type=\"text\"] {\r\n            padding: 10px;\r\n            border: 1px solid #ddd;\r\n            border-radius: 4px;\r\n            font-size: 16px;\r\n            width: 250px;\r\n            max-width: 100%;\r\n        }\r\n        .input-group button {\r\n            background-color: #25d366; \/* Color de WhatsApp *\/\r\n            color: white;\r\n            padding: 10px 20px;\r\n            border: none;\r\n            border-radius: 4px;\r\n            cursor: pointer;\r\n            font-size: 16px;\r\n            transition: background-color 0.3s ease;\r\n        }\r\n        .input-group button:hover {\r\n            background-color: #1da851;\r\n        }\r\n        .info-text {\r\n            font-size: 14px;\r\n            color: #777;\r\n            margin-top: 15px;\r\n        }\r\n    <\/style>\r\n<\/head>\r\n<body>\r\n\r\n    <div class=\"whatsapp-container\">\r\n        <h2>Enviar Saludo por WhatsApp<\/h2>\r\n        <div class=\"input-group\">\r\n            <input type=\"text\" id=\"whatsappNumber\" placeholder=\"N\u00famero de WhatsApp (ej: 573118744110)\">\r\n            <button onclick=\"enviarWhatsApp()\">Enviar<\/button>\r\n        <\/div>\r\n        <p class=\"info-text\">\r\n                        <br>\r\n                  <\/p>\r\n    <\/div>\r\n\r\n    <script>\r\n        function enviarWhatsApp() {\r\n            const numero = document.getElementById('whatsappNumber').value.trim();\r\n\r\n            \/\/ Validar si el n\u00famero no est\u00e1 vac\u00edo\r\n            if (numero === \"\") {\r\n                alert(\"Por favor, introduce un n\u00famero de WhatsApp.\");\r\n                return;\r\n            }\r\n\r\n            \/\/ Define tu nombre y la URL de tu tarjeta\r\n            const miNombre = \"Gerencia: Acoples y Mangueras Delp\"; \/\/ \u00a1CAMBIA ESTO CON TU NOMBRE!\r\n            const miURL = \"https:\/\/ventas.acoplesymanguerasdelp.com\/\"; \/\/ \u00a1CAMBIA ESTO CON LA URL DE TU TARJETA!\r\n\r\n            \/\/ Codifica el mensaje para que sea seguro en la URL\r\n            const mensaje = encodeURIComponent(`Hola, Soy ${miNombre}. Te invito a descargar mi tarjeta  en la URL: ${miURL}`);\r\n\r\n            \/\/ Construye la URL de WhatsApp\r\n            \/\/ Formato: https:\/\/wa.me\/<numero>?text=<mensaje>\r\n            const whatsappURL = `https:\/\/wa.me\/${numero}?text=${mensaje}`;\r\n\r\n            \/\/ Abre la URL de WhatsApp en una nueva pesta\u00f1a\r\n            window.open(whatsappURL, '_blank');\r\n        }\r\n    <\/script>\r\n<\/body>\r\n<\/html>\t\t\t\t<\/div>\n\t\t\t\t\t<\/div>\n\t\t\t\t<\/div>\n\t\t\t\t<\/div>\n\t\t","protected":false},"excerpt":{"rendered":"<p>SERVICIO AL CLIENTE Enviar Saludo por WhatsApp Enviar<\/p>\n","protected":false},"author":1,"featured_media":0,"parent":0,"menu_order":0,"comment_status":"closed","ping_status":"open","template":"elementor_header_footer","meta":{"footnotes":""},"class_list":["post-2","page","type-page","status-publish","hentry"],"_links":{"self":[{"href":"https:\/\/ventas.acoplesymanguerasdelp.com\/index.php\/wp-json\/wp\/v2\/pages\/2","targetHints":{"allow":["GET"]}}],"collection":[{"href":"https:\/\/ventas.acoplesymanguerasdelp.com\/index.php\/wp-json\/wp\/v2\/pages"}],"about":[{"href":"https:\/\/ventas.acoplesymanguerasdelp.com\/index.php\/wp-json\/wp\/v2\/types\/page"}],"author":[{"embeddable":true,"href":"https:\/\/ventas.acoplesymanguerasdelp.com\/index.php\/wp-json\/wp\/v2\/users\/1"}],"replies":[{"embeddable":true,"href":"https:\/\/ventas.acoplesymanguerasdelp.com\/index.php\/wp-json\/wp\/v2\/comments?post=2"}],"version-history":[{"count":100,"href":"https:\/\/ventas.acoplesymanguerasdelp.com\/index.php\/wp-json\/wp\/v2\/pages\/2\/revisions"}],"predecessor-version":[{"id":134,"href":"https:\/\/ventas.acoplesymanguerasdelp.com\/index.php\/wp-json\/wp\/v2\/pages\/2\/revisions\/134"}],"wp:attachment":[{"href":"https:\/\/ventas.acoplesymanguerasdelp.com\/index.php\/wp-json\/wp\/v2\/media?parent=2"}],"curies":[{"name":"wp","href":"https:\/\/api.w.org\/{rel}","templated":true}]}}